o base 6
-10
What is -2 (base 14) in base 4?
-2
10 (base 4) to base 2
100
What is -4 (base 15) in base 8?
-4
Convert 60 (base 13) to base 3.
2220
Convert 81 (base 12) to base 10.
97
Convert -2 (base 5) to base 6.
-2
Convert 110 (base 2) to base 7.
6
Convert 5 (base 12) to base 7.
5
Convert 210 (base 7) to base 2.
1101001
Convert 6 (base 16) to base 8.
6
What is 7 (base 16) in base 10?
7
Convert 10010010 (base 2) to base 3.
12102
Convert 4 (base 7) to base 8.
4
-14 (base 7) to base 2
-1011
What is 2 (base 13) in base 7?
2
22 (base 8) to base 3
200
Convert 56 (base 15) to base 6.
213
What is -2 (base 6) in base 16?
-2
What is 3 (base 14) in base 5?
3
0 (base 16) to base 14
0
What is -25 (base 7) in base 2?
-10011
322 (base 5) to base 15
5c
What is -25 (base 14) in base 13?
-27
What is 19 (base 16) in base 6?
41
5 (base 6) to base 9
5
What is -9a (base 14) in base 10?
-136
100120 (base 3) to base 5
2013
-19 (base 10) to base 7
-25
Convert 3 (base 6) to base 4.
3
Convert 1 (base 14) to base 12.
1
What is -7 (base 12) in base 4?
-13
1b (base 15) to base 3
222
What is -5 (base 16) in base 14?
-5
Convert -11 (base 11) to base 16.
-c
7 (base 10) to base 13
7
Convert -2 (base 11) to base 3.
-2
Convert 1 (base 14) to base 5.
1
-22 (base 16) to base 9
-37
What is 203 (base 7) in base 15?
6b
Convert -37 (base 14) to base 16.
-31
What is a (base 15) in base 11?
a
Convert -3 (base 9) to base 12.
-3
What is 21 (base 8) in base 3?
122
What is 3 (base 14) in base 10?
3
1 (base 13) to base 12
1
Convert 2 (base 8) to base 2.
10
Convert 1c (base 13) to base 14.
1b
-2 (base 13) to base 7
-2
What is 103 (base 6) in base 2?
100111
What is -4 (base 11) in base 7?
-4
-240 (base 8) to base 7
-316
What is -1 (base 15) in base 5?
-1
What is -4 (base 7) in base 13?
-4
-8 (base 9) to base 10
-8
Convert 38 (base 9) to base 13.
29
What is -1a (base 16) in base 6?
-42
Convert 1001 (base 2) to base 15.
9
What is 19 (base 13) in base 2?
10110
3 (base 15) to base 3
10
What is -25 (base 7) in base 2?
-10011
What is 131 (base 7) in base 10?
71
2 (base 5) to base 14
2
Convert -111 (base 5) to base 10.
-31
10 (base 13) to base 5
23
-5 (base 13) to base 16
-5
What is -35 (base 10) in base 8?
-43
1221 (base 4) to base 15
70
-4 (base 16) to base 4
-10
-4 (base 10) to base 13
-4
What is -2 (base 6) in base 11?
-2
1a2 (base 12) to base 4
10022
What is -12 (base 3) in base 10?
-5
What is 5 (base 11) in base 6?
5
Convert -45 (base 14) to base 13.
-49
Convert -63 (base 14) to base 3.
-10020
Convert -35 (base 12) to base 9.
-45
0 (base 3) to base 13
0
Convert -5 (base 10) to base 2.
-101
What is -14 (base 7) in base 10?
-11
c (base 13) to base 12
10
Convert -6 (base 12) to base 3.
-20
What is -11 (base 16) in base 15?
-12
What is -1 (base 6) in base 2?
-1
Convert 12a (base 15) to base 10.
265
What is 11 (base 3) in base 5?
4
What is 34 (base 8) in base 6?
44
What is 12 (base 13) in base 15?
10
What is 3 (base 6) in base 8?
3
What is 0 (base 9) in base 6?
0
1 (base 7) to base 4
1
7b (base 12) to base 4
1133
What is 12211 (base 3) in base 11?
133
Convert -c (base 16) to base 15.
-c
Convert -22 (base 3) to base 9.
-8
Convert -154 (base 10) to base 2.
-10011010
Convert 32 (base 9) to base 16.
1d
Convert 10 (base 16) to base 8.
20
What is -2 (base 14) in base 4?
-2
Convert -1 (base 10) to base 12.
-1
14 (base 5) to base 15
9
Convert 7 (base 14) to base 12.
7
What is 10 (base 2) in base 11?
2
242 (base 5) to base 11
66
Convert -26 (base 10) to base 5.
-101
-10 (base 3) to base 10
-3
-2 (base 9) to base 13
-2
-6 (base 14) to base 6
-10
Convert -c (base 14) to base 10.
-12
46 (base 9) to base 14
30
1 (base 14) to base 2
1
What is c (base 13) in base 15?
c
Convert -6 (base 7) to base 14.
-6
-14 (base 16) to base 7
-26
What is 79 (base 15) in base 14?
82
Convert -15 (base 15) to base 6.
-32
What is -11211 (base 3) in base 10?
-130
What is 25 (base 7) in base 9?
21
What is 121 (base 9) in base 4?
1210
Convert 10 (base 2) to base 6.
2
14 (base 6) to base 4
22
2 (base 5) to base 12
2
What is 25 (base 16) in base 6?
101
-10 (base 13) to base 6
-21
-6 (base 14) to base 3
-20
Convert -31 (base 13) to base 11.
-37
What is -ae (base 15) in base 5?
-1124
What is -51 (base 13) in base 16?
-42
Convert 2a (base 14) to base 2.
100110
Convert -1 (base 5) to base 3.
-1
Convert 31 (base 4) to base 7.
16
-4 (base 15) to base 2
-100
-1 (base 12) to base 13
-1
234 (base 5) to base 3
2120
What is -100 (base 2) in base 8?
-4
151 (base 6) to base 11
61
-13 (base 5) to base 10
-8
What is 0 (base 4) in base 16?
0
8a (base 12) to base 9
127
What is 2 (base 13) in base 11?
2
2 (base 3) to base 2
10
-1 (base 3) to base 6
-1
Convert 1211 (base 5) to base 2.
10110101
Convert 11 (base 3) to base 11.
4
What is a (base 14) in base 8?
12
What is -7 (base 12) in base 8?
-7
-4 (base 8) to base 10
-4
Convert -17 (base 16) to base 12.
-1b
Convert -11 (base 3) to base 4.
-10
532 (base 6) to base 7
404
6 (base 12) to base 3
20
Convert 1000 (base 2) to base 13.
8
What is 12 (base 4) in base 12?
6
-190 (base 15) to base 5
-2420
What is 24 (base 10) in base 5?
44
Convert 31 (base 7) to base 10.
22
What is 22 (base 7) in base 16?
10
Convert -3 (base 7) to base 6.
-3
-116 (base 7) to base 9
-68
0 (base 5) to base 8
0
10121 (base 3) to base 13
76
10 (base 2) to base 14
2
Convert -1 (base 12) to base 7.
-1
Convert -2 (base 11) to base 5.
-2
What is 21 (base 3) in base 15?
7
30 (base 4) to base 16
c
What is 143 (base 5) in base 3?
1210
What is 9 (base 16) in base 14?
9
What is 1 (base 13) in base 10?
1
d (base 16) to base 4
31
Convert -56 (base 12) to base 7.
-123
-2 (base 13) to base 6
-2
0 (base 16) to base 9
0
Convert -6d (base 14) to base 10.
-97
Convert 7 (base 15) to base 7.
10
100110011 (base 2) to base 10
307
Convert 55 (base 7) to base 15.
2a
What is -10 (base 8) in base 6?
-12
Convert 12 (base 11) to base 8.
15
Convert 2 (base 10) to base 14.
2
What is -53 (base 16) in base 8?
-123
What is 13 (base 11) in base 5?
24
What is -20 (base 8) in base 13?
-13
Convert -82 (base 16) to base 7.
-244
2b (base 12) to base 13
29
Convert -41 (base 13) to base 5.
-203
What is 19 (base 12) in base 16?
15
What is -110 (base 3) in base 12?
-10
-221 (base 3) to base 2
-11001
-33 (base 6) to base 4
-111
-3 (base 11) to base 16
-3
Convert -1 (base 6) to base 5.
-1
-240 (base 5) to base 11
-64
d (base 16) to base 9
14
3 (base 10) to base 2
11
107 (base 9) to base 5
323
-4 (base 6) to base 9
-4
Convert -27 (base 13) to base 9.
-36
What is -165 (base 7) in base 9?
-116
60 (base 7) to base 9
46
Convert 10 (base 6) to base 4.
12
What is -22 (base 6) in base 8?
-16
Convert -1 (base 9) to base 11.
-1
What is b (base 14) in base 3?
102
11111 (base 2) to base 8
37
Convert -15 (base 10) to base 6.
-23
What is 31 (base 6) in base 12?
17
Convert 11 (base 7) to base 8.
10
Convert 3 (base 12) to base 5.
3
-6 (base 12) to base 6
-10
What is -10 (base 7) in base 16?
-7
Convert 7 (base 15) to base 5.
12
-4 (base 12) to base 14
-4
Convert 161 (base 7) to base 9.
112
13 (base 6) to base 13
9
What is -4 (base 7) in base 11?
-4
What is -110101 (base 2) in base 16?
-35
Convert 1 (base 12) to base 8.
1
Convert -99 (base 10) to base 11.
-90
What is -1 (base 9) in base 6?
-1
Convert -100 (base 3) to base 12.
-9
Convert -1000 (base 2) to base 8.
-10
Convert 417 (base 9) to base 10.
340
3 (base 16) to base 4
3
What is 21 (base 6) in base 7?
16
Convert -22 (base 3) to base 11.
-8
What is b (base 14) in base 9?
12
-16 (base 9) to base 6
-23
17 (base 13) to base 5
40
Convert -22 (base 3) to base 8.
-10
Convert -40 (base 7) to base 12.
-24
-2 (base 9) to base 15
-2
Convert 0 (base 9) to base 5.
0
Convert -144 (base 5) to base 2.
-110001
What is -2 (base 4) in base 6?
-2
What is b (base 14) in base 4?
23
What is -6 (base 13) in base 7?
-6
Convert -10 (base 3) to base 11.
-3
-410 (base 8) to base 7
-525
402 (base 5) to base 11
93
a (base 16) to base 10
10
Convert 6 (base 11) to base 16.
6
362 (base 7) to base 4
2333
Convert 5 (base 13) to base 9.
5
What is -211 (base 8) in base 5?
-1022
Convert 34 (base 6) to base 7.
31
-332 (base 7) to base 2
-10101010
-2 (base 13) to base 6
-2
Convert 100 (base 3) to base 12.
9
What is -32 (base 13) in base 3?
-1112
-71 (base 9) to base 6
-144
What i